{"id":1414,"date":"2016-02-12T07:54:41","date_gmt":"2016-02-12T07:54:41","guid":{"rendered":"http:\/\/demos.famethemes.com\/onepress\/?page_id=4"},"modified":"2024-02-26T12:14:16","modified_gmt":"2024-02-26T11:14:16","slug":"agroturystyka-daleko-od-szosy","status":"publish","type":"page","link":"https:\/\/dalekoodszosy.org\/","title":{"rendered":"Home"},"content":{"rendered":"","protected":false},"excerpt":{"rendered":"","protected":false},"author":2,"featured_media":0,"parent":0,"menu_order":0,"comment_status":"closed","ping_status":"closed","template":"template-frontpage.php","meta":{"ngg_post_thumbnail":0,"footnotes":""},"class_list":["post-1414","page","type-page","status-publish","hentry"],"yoast_head":"<!-- This site is optimized with the Yoast SEO plugin v22.1 - https:\/\/yoast.com\/wordpress\/plugins\/seo\/ -->\n<title>Home - Daleko Od Szosy<\/title>\n<meta name=\"description\" content=\"Warsztaty na Kaszubach, Agroturystyka ze zwierz\u0119tami, Agroturystyka z wy\u017cywieniem, Pomorskie, Wekeendy ,Wakacje na Kaszubach, Agroturystyka z placem zabaw\" \/>\n<meta name=\"robots\" content=\"index, follow, max-snippet:-1, max-image-preview:large, max-video-preview:-1\" \/>\n<link rel=\"canonical\" href=\"http:\/\/dalekoodszosy.org\/\" \/>\n<meta property=\"og:locale\" content=\"pl_PL\" \/>\n<meta property=\"og:type\" content=\"article\" \/>\n<meta property=\"og:title\" content=\"Warsztaty na Kaszubach, Agroturystyka ze zwierz\u0119tami, Agroturystyka z wy\u017cywieniem, Pomorskie, Weekend, Wakacje na Kaszubach, Agroturystyka z placem zabaw\" \/>\n<meta property=\"og:description\" content=\"Serdecznie zapraszamy do wypoczynku w naszym gospodarstwie, kt\u00f3re sama nazwa m\u00f3wi po\u0142o\u017cone jest daleko od szosy, gwaru i ska\u017conego \u015brodowiska.Otaczaj\u0105 nas pi\u0119kne krajobrazy kaszubskich las\u00f3w. Wie\u015b Kaplica, w kt\u00f3rej jest nasza posiad\u0142o\u015b\u0107 po\u0142o\u017cona jest w przepi\u0119knej i spokojnej okolicy na Pojezierzu Kaszubskim. U nas znajd\u0105 Pa\u0144stwo doskona\u0142e warunki do aktywnego wypoczynku, jak r\u00f3wnie\u017c upragnion\u0105 cisz\u0119 i spok\u00f3j. Przy naszym gospodarstwie jest zarybiony staw, gdzie ka\u017cdy mi\u0142o\u015bnik w\u0119dkowania mo\u017ce sp\u0119dzi\u0107 mi\u0142o czas.Zapewniamy r\u00f3wnie\u017c doskona\u0142e posi\u0142ki wiejskiej kaszubskiej kuchni, kt\u00f3re podawane s\u0105 w mi\u0142ej domowej atmosferze.\" \/>\n<meta property=\"og:url\" content=\"http:\/\/dalekoodszosy.org\/\" \/>\n<meta property=\"og:site_name\" content=\"Daleko Od Szosy\" \/>\n<meta property=\"article:publisher\" content=\"https:\/\/www.facebook.com\/dalekoodszosy.org\" \/>\n<meta property=\"article:modified_time\" content=\"2024-02-26T11:14:16+00:00\" \/>\n<meta property=\"og:image\" content=\"http:\/\/dalekoodszosy.org\/wp-content\/uploads\/2024\/02\/cropped-DoS2-1.jpg\" \/>\n\t<meta property=\"og:image:width\" content=\"353\" \/>\n\t<meta property=\"og:image:height\" content=\"192\" \/>\n\t<meta property=\"og:image:type\" content=\"image\/jpeg\" \/>\n<meta name=\"twitter:card\" content=\"summary_large_image\" \/>\n<script type=\"application\/ld+json\" class=\"yoast-schema-graph\">{\"@context\":\"https:\/\/schema.org\",\"@graph\":[{\"@type\":\"WebPage\",\"@id\":\"http:\/\/dalekoodszosy.org\/\",\"url\":\"http:\/\/dalekoodszosy.org\/\",\"name\":\"Home - Daleko Od Szosy\",\"isPartOf\":{\"@id\":\"http:\/\/dalekoodszosy.org\/#website\"},\"datePublished\":\"2016-02-12T07:54:41+00:00\",\"dateModified\":\"2024-02-26T11:14:16+00:00\",\"description\":\"Warsztaty na Kaszubach, Agroturystyka ze zwierz\u0119tami, Agroturystyka z wy\u017cywieniem, Pomorskie, Wekeendy ,Wakacje na Kaszubach, Agroturystyka z placem zabaw\",\"breadcrumb\":{\"@id\":\"http:\/\/dalekoodszosy.org\/#breadcrumb\"},\"inLanguage\":\"pl-PL\",\"potentialAction\":[{\"@type\":\"ReadAction\",\"target\":[\"http:\/\/dalekoodszosy.org\/\"]}]},{\"@type\":\"BreadcrumbList\",\"@id\":\"http:\/\/dalekoodszosy.org\/#breadcrumb\",\"itemListElement\":[{\"@type\":\"ListItem\",\"position\":1,\"name\":\"Strona g\u0142\u00f3wna\",\"item\":\"http:\/\/dalekoodszosy.org\/\"},{\"@type\":\"ListItem\",\"position\":2,\"name\":\"Home\"}]},{\"@type\":\"WebSite\",\"@id\":\"http:\/\/dalekoodszosy.org\/#website\",\"url\":\"http:\/\/dalekoodszosy.org\/\",\"name\":\"Daleko Od Szosy\",\"description\":\"Gospodarstwo Agroturystyczne Daleko Od Szosy\",\"publisher\":{\"@id\":\"http:\/\/dalekoodszosy.org\/#organization\"},\"potentialAction\":[{\"@type\":\"SearchAction\",\"target\":{\"@type\":\"EntryPoint\",\"urlTemplate\":\"http:\/\/dalekoodszosy.org\/?s={search_term_string}\"},\"query-input\":\"required name=search_term_string\"}],\"inLanguage\":\"pl-PL\"},{\"@type\":\"Organization\",\"@id\":\"http:\/\/dalekoodszosy.org\/#organization\",\"name\":\"Gospodarstwo Agroturystyczne \\\"Daleko Od Szosy\\\"\",\"url\":\"http:\/\/dalekoodszosy.org\/\",\"logo\":{\"@type\":\"ImageObject\",\"inLanguage\":\"pl-PL\",\"@id\":\"http:\/\/dalekoodszosy.org\/#\/schema\/logo\/image\/\",\"url\":\"https:\/\/dalekoodszosy.org\/wp-content\/uploads\/2024\/02\/cropped-DoS2-1.jpg\",\"contentUrl\":\"https:\/\/dalekoodszosy.org\/wp-content\/uploads\/2024\/02\/cropped-DoS2-1.jpg\",\"width\":353,\"height\":192,\"caption\":\"Gospodarstwo Agroturystyczne \\\"Daleko Od Szosy\\\"\"},\"image\":{\"@id\":\"http:\/\/dalekoodszosy.org\/#\/schema\/logo\/image\/\"},\"sameAs\":[\"https:\/\/www.facebook.com\/dalekoodszosy.org\"]}]}<\/script>\n<!-- \/ Yoast SEO plugin. -->","yoast_head_json":{"title":"Home - Daleko Od Szosy","description":"Warsztaty na Kaszubach, Agroturystyka ze zwierz\u0119tami, Agroturystyka z wy\u017cywieniem, Pomorskie, Wekeendy ,Wakacje na Kaszubach, Agroturystyka z placem zabaw","robots":{"index":"index","follow":"follow","max-snippet":"max-snippet:-1","max-image-preview":"max-image-preview:large","max-video-preview":"max-video-preview:-1"},"canonical":"http:\/\/dalekoodszosy.org\/","og_locale":"pl_PL","og_type":"article","og_title":"Warsztaty na Kaszubach, Agroturystyka ze zwierz\u0119tami, Agroturystyka z wy\u017cywieniem, Pomorskie, Weekend, Wakacje na Kaszubach, Agroturystyka z placem zabaw","og_description":"Serdecznie zapraszamy do wypoczynku w naszym gospodarstwie, kt\u00f3re sama nazwa m\u00f3wi po\u0142o\u017cone jest daleko od szosy, gwaru i ska\u017conego \u015brodowiska.Otaczaj\u0105 nas pi\u0119kne krajobrazy kaszubskich las\u00f3w. Wie\u015b Kaplica, w kt\u00f3rej jest nasza posiad\u0142o\u015b\u0107 po\u0142o\u017cona jest w przepi\u0119knej i spokojnej okolicy na Pojezierzu Kaszubskim. U nas znajd\u0105 Pa\u0144stwo doskona\u0142e warunki do aktywnego wypoczynku, jak r\u00f3wnie\u017c upragnion\u0105 cisz\u0119 i spok\u00f3j. Przy naszym gospodarstwie jest zarybiony staw, gdzie ka\u017cdy mi\u0142o\u015bnik w\u0119dkowania mo\u017ce sp\u0119dzi\u0107 mi\u0142o czas.Zapewniamy r\u00f3wnie\u017c doskona\u0142e posi\u0142ki wiejskiej kaszubskiej kuchni, kt\u00f3re podawane s\u0105 w mi\u0142ej domowej atmosferze.","og_url":"http:\/\/dalekoodszosy.org\/","og_site_name":"Daleko Od Szosy","article_publisher":"https:\/\/www.facebook.com\/dalekoodszosy.org","article_modified_time":"2024-02-26T11:14:16+00:00","og_image":[{"width":353,"height":192,"url":"http:\/\/dalekoodszosy.org\/wp-content\/uploads\/2024\/02\/cropped-DoS2-1.jpg","type":"image\/jpeg"}],"twitter_card":"summary_large_image","schema":{"@context":"https:\/\/schema.org","@graph":[{"@type":"WebPage","@id":"http:\/\/dalekoodszosy.org\/","url":"http:\/\/dalekoodszosy.org\/","name":"Home - Daleko Od Szosy","isPartOf":{"@id":"http:\/\/dalekoodszosy.org\/#website"},"datePublished":"2016-02-12T07:54:41+00:00","dateModified":"2024-02-26T11:14:16+00:00","description":"Warsztaty na Kaszubach, Agroturystyka ze zwierz\u0119tami, Agroturystyka z wy\u017cywieniem, Pomorskie, Wekeendy ,Wakacje na Kaszubach, Agroturystyka z placem zabaw","breadcrumb":{"@id":"http:\/\/dalekoodszosy.org\/#breadcrumb"},"inLanguage":"pl-PL","potentialAction":[{"@type":"ReadAction","target":["http:\/\/dalekoodszosy.org\/"]}]},{"@type":"BreadcrumbList","@id":"http:\/\/dalekoodszosy.org\/#breadcrumb","itemListElement":[{"@type":"ListItem","position":1,"name":"Strona g\u0142\u00f3wna","item":"http:\/\/dalekoodszosy.org\/"},{"@type":"ListItem","position":2,"name":"Home"}]},{"@type":"WebSite","@id":"http:\/\/dalekoodszosy.org\/#website","url":"http:\/\/dalekoodszosy.org\/","name":"Daleko Od Szosy","description":"Gospodarstwo Agroturystyczne Daleko Od Szosy","publisher":{"@id":"http:\/\/dalekoodszosy.org\/#organization"},"potentialAction":[{"@type":"SearchAction","target":{"@type":"EntryPoint","urlTemplate":"http:\/\/dalekoodszosy.org\/?s={search_term_string}"},"query-input":"required name=search_term_string"}],"inLanguage":"pl-PL"},{"@type":"Organization","@id":"http:\/\/dalekoodszosy.org\/#organization","name":"Gospodarstwo Agroturystyczne \"Daleko Od Szosy\"","url":"http:\/\/dalekoodszosy.org\/","logo":{"@type":"ImageObject","inLanguage":"pl-PL","@id":"http:\/\/dalekoodszosy.org\/#\/schema\/logo\/image\/","url":"https:\/\/dalekoodszosy.org\/wp-content\/uploads\/2024\/02\/cropped-DoS2-1.jpg","contentUrl":"https:\/\/dalekoodszosy.org\/wp-content\/uploads\/2024\/02\/cropped-DoS2-1.jpg","width":353,"height":192,"caption":"Gospodarstwo Agroturystyczne \"Daleko Od Szosy\""},"image":{"@id":"http:\/\/dalekoodszosy.org\/#\/schema\/logo\/image\/"},"sameAs":["https:\/\/www.facebook.com\/dalekoodszosy.org"]}]}},"_links":{"self":[{"href":"https:\/\/dalekoodszosy.org\/index.php\/wp-json\/wp\/v2\/pages\/1414","targetHints":{"allow":["GET"]}}],"collection":[{"href":"https:\/\/dalekoodszosy.org\/index.php\/wp-json\/wp\/v2\/pages"}],"about":[{"href":"https:\/\/dalekoodszosy.org\/index.php\/wp-json\/wp\/v2\/types\/page"}],"author":[{"embeddable":true,"href":"https:\/\/dalekoodszosy.org\/index.php\/wp-json\/wp\/v2\/users\/2"}],"replies":[{"embeddable":true,"href":"https:\/\/dalekoodszosy.org\/index.php\/wp-json\/wp\/v2\/comments?post=1414"}],"version-history":[{"count":1,"href":"https:\/\/dalekoodszosy.org\/index.php\/wp-json\/wp\/v2\/pages\/1414\/revisions"}],"predecessor-version":[{"id":1772,"href":"https:\/\/dalekoodszosy.org\/index.php\/wp-json\/wp\/v2\/pages\/1414\/revisions\/1772"}],"wp:attachment":[{"href":"https:\/\/dalekoodszosy.org\/index.php\/wp-json\/wp\/v2\/media?parent=1414"}],"curies":[{"name":"wp","href":"https:\/\/api.w.org\/{rel}","templated":true}]}}